626. What is the greatest common factor of n and 154?
14
Let s = 322 + -161. What is the greatest common factor of s and 46?
23
Let a = 1358 - 643. What is the greatest common divisor of 195 and a?
65
Suppose -2*x = -k - 259, 0 = -x + 2*k + k + 132. Calculate the greatest common divisor of x and 43.
43
Let o(x) = -x**3 - 7*x**2 + 3*x + 18. Let y be o(-8). Calculate the greatest common factor of y and 4.
2
Let p be ((-360)/(-70))/((-18)/(-420)). What is the highest common factor of p and 75?
15
Suppose 5*x - 99 - 26 = -3*p, -27 = -x - p. Let k be (3 - 1) + -1 + 1. What is the greatest common factor of k and x?
2
Let h be 2/(-5)*1*-20. Let b(u) = 14*u + 85. Let g be b(-6). Calculate the greatest common divisor of g and h.
1
Suppose -2*q = 4*p - 7*q - 171, -3*p - 4*q = -167. Suppose -p = -0*v - v. Calculate the greatest common divisor of 7 and v.
7
Let i = 14 - 64. Let h = -26 - i. What is the highest common divisor of 8 and h?
8
Let l(k) = k**2 + 15*k + 66. Let z be l(-9). Calculate the highest common factor of 42 and z.
6
Let p(q) = -11*q + 3. Let j be p(-10). Suppose 52 = 3*g - j. Suppose -3*m - 7 + 73 = 0. Calculate the greatest common divisor of m and g.
11
Let j = 89 + -84. Let s be ((-4)/(-6))/(j/360). What is the highest common factor of 16 and s?
16
Let m(i) = i**3 - 4*i**2 + 1. Let c = 9 + -5. Let k be m(c). Let s = k + 4. What is the highest common divisor of 35 and s?
5
Suppose 5*y = 0, -4*q = -q - 2*y - 72. Calculate the greatest common divisor of 16 and q.
8
Let k = 240 - 107. Let a be -5 + (-1)/1*-1. Let x = a + 23. What is the highest common divisor of k and x?
19
Let t be 20260/16 - (9 - (-341)/(-44)). Calculate the greatest common factor of t and 110.
55
Let a(o) = o + 1. Let i be a(5). Let s = 49 + 0. Suppose 3*u + 13 - s = -4*b, 0 = -3*b - 5*u + 27. Calculate the greatest common divisor of i and b.
3
Suppose c = 4*i - 9, 3 + 4 = i - 5*c. Let h be i - (2 - (1 - 1)). Suppose h = -t - t + 32. What is the greatest common factor of t and 8?
8
Let f be (-3 - (-30)/9)*(-42135)/(-5). What is the highest common divisor of f and 53?
53
Let z = 396 - 393. Calculate the highest common factor of 51 and z.
3
Let h = 53 + -50. Suppose h*g - 241 = 4*k, g - 79 = k - 0*k. What is the highest common divisor of 10 and g?
5
Suppose -2*b = -348 - 296. Let i = b - 179. What is the highest common factor of i and 13?
13
Let w be -3*(-380)/18 + (-9)/27. Suppose w = j - 92. Let s be (-30)/(3/(-3)) + 1. What is the greatest common divisor of j and s?
31
Let z(s) = -3*s**2 - 3*s + 4*s**2 - 3 + 4*s + 2. Let j be z(-3). Suppose -3*v = j - 59. Calculate the highest common factor of v and 162.
18
Suppose 12*o + 175 = 17*o. What is the greatest common divisor of 7 and o?
7
Let a = -12 - -21. Let n = -191 + 200. What is the greatest common factor of n and a?
9
Let y be 1 + 84 - 0 - 0. Suppose -16*k = -12*k - 1104. Let m be (-2)/4 - k/(-8). What is the greatest common factor of m and y?
17
Let g = 659 + -658. What is the highest common divisor of 27 and g?
1
Let l = 38 - -3. Suppose k = -4*w + 79, 3*k = -3*w + l + 241. Calculate the highest common divisor of k and 9.
9
Let s be 3/(-5) + 9295/325. Let p(z) = -2*z - 2. Let l be p(-3). Calculate the greatest common divisor of s and l.
4
Let w(y) = -7*y**3 - y + 5*y**3 - 2*y**2 - y. Suppose 5*x + 18 - 3 = 0. Let j be w(x). What is the highest common divisor of j and 28?
14
Let u(k) = k**3 + 17*k**2 + 4*k - 13. Let f be u(-8). Calculate the greatest common factor of f and 118.
59
Let g = -901 - -1029. What is the highest common factor of g and 4?
4
Let b be 8/44 + (-12432)/(-231). Calculate the greatest common divisor of 24 and b.
6
Let q be 4 - (0 + 3 + -6) - 4. Let f(c) = 27*c**2 - 3. Let k be f(q). What is the greatest common divisor of 15 and k?
15
Suppose 10*v - 5200 = -16*v. Calculate the greatest common factor of 8 and v.
8
Let c = -66 - -67. Calculate the greatest common divisor of c and 53.
1
Let r = -89 + 100. Suppose -s + 2*f - 3 = -3*f, -s + 37 = 3*f. What is the highest common factor of r and s?
11
Let t be 76*2/((-24)/(-198)). What is the highest common factor of t and 33?
33
Let i = 588 + -390. Let b(t) = -t + 32. Let v be b(10). Calculate the greatest common divisor of v and i.
22
Let n(j) = -j**3 + 5*j**2 + 7*j - 11. Let m be n(6). Let i be (5 - 27)*(m - -1). Calculate the highest common factor of 11 and i.
11
Suppose 0 = -13*z + 8*z + 125. Suppose 2*a = 4*y - 50, -3*a - 2*a - z = 0. What is the highest common factor of 40 and y?
10
Let r be ((-9)/15)/(36/(-1440)). What is the greatest common factor of 248 and r?
8
Suppose -15*h + 2383 = -1667. Calculate the highest common divisor of h and 630.
90
Suppose -s + 14 = -0. Let m be (-1)/(-4 + 30/8). Suppose 0 = g + m*g - 350. What is the greatest common divisor of s and g?
14
Suppose 11 = -6*y + 581. Let r = -60 + y. Calculate the highest common factor of r and 35.
35
Suppose 0 = -5*m + 4*m + 58. Suppose 3*r + i = 634 + 1923, 5*r + 4*i - 4250 = 0. Suppose -r - 103 = -11*h. What is the highest common divisor of h and m?
29
Let h(t) = 8*t - 1. Let j be h(-3). Let l = -18 - j. What is the greatest common factor of l and 21?
7
Let a be 0/((-4)/(-10) - 84/35). Suppose -28*k + 32*k - 280 = a. What is the greatest common factor of k and 10?
10
Let y be (1046 - 425) + (4 + -1)/1. What is the greatest common factor of 240 and y?
48
Let j(y) = -y + 30. Let t be j(10). Suppose -3*m = -2*x - x - 45, -4*x - t = 0. Calculate the greatest common divisor of 110 and m.
10
Let q = -514 + 926. Suppose 3*t - 420 = -3*z, z = 2*t - 5*t + q. What is the highest common factor of 17 and t?
17
Let k(f) = -2*f**3 + 17*f**2 + 2*f - 26. Let b be k(7). Calculate the highest common factor of b and 54.
27
Let s = -124 + 196. Calculate the highest common factor of 48 and s.
24
Let a = -339 - -411. Calculate the greatest common factor of 396 and a.
36
Suppose -42 = -3*x - 3*x. Let f = x + -2. Let h be 492/9 + (-1)/(-3). What is the highest common factor of f and h?
5
Suppose -3397 + 660 = -7*r. Calculate the highest common divisor of 69 and r.
23
Suppose -52 = h - 3*h. Let c = -21 + h. Suppose 2*r = 1 + c. Calculate the highest common divisor of 3 and r.
3
Let j be 64/(-544) - 1092/(-34). Suppose -20 = -z - 4*z. Calculate the greatest common factor of z and j.
4
Suppose 0 = 2*s + 2*z - 28, -5*z + 4*z + 36 = 3*s. Let p be (-4 + (2 - -1))*10. Let a be (-24)/p*(-1 - 228/(-8)). What is the greatest common factor of a and s?
11
Suppose 4*g + 3*y = -2*y + 173, -5*y + 126 = 3*g. Let z = g + -39. Calculate the greatest common divisor of 40 and z.
8
Let y(x) = 2*x**3 + 37*x**2 + 14*x - 60. Let g be y(-18). What is the highest common divisor of 204 and g?
12
Suppose b + 1 - 5 = 0. Suppose 124 = -4*j - s, -j - 3*s = -b*s + 26. Let t be 5/j - 219/(-18). Calculate the greatest common divisor of t and 18.
6
Suppose 4*l = -5*l + 18. Suppose -l*j - j + 3 = 0, 4*j = o. Let i be -1*(-4)/6*18. Calculate the highest common divisor of o and i.
4
Suppose 10*y - 5*y = 15. Let z(w) = 2*w**3 - 3*w**2 - 2*w + 2. Let o be z(y). Let v = -1471 + 1724. Calculate the highest common divisor of o and v.
23
Let m be 8485/6 + (-5 - 87/(-18)). Let w = 1986 - m. What is the highest common factor of w and 52?
52
Suppose 499*b - 498*b - 36 = 0. What is the highest common factor of b and 252?
36
Suppose 696 = -7*h + 36*h. What is the greatest common divisor of 180 and h?
12
Let m = 8 + -23. Let c = 36 - m. Suppose -5*w - 1 + 171 = 0. What is the highest common factor of c and w?
17
Let c(z) be the third derivative of 0 - 1/24*z**4 + 5/2*z**3 + 5*z**2 + 0*z. Let b be c(0). Calculate the greatest common divisor of b and 15.
15
Let b be 45 - (-7 - (-4 - -4)). What is the greatest common divisor of b and 8?
4
Let c(h) = 90 - 181 + 95 - 2*h. Let d = 22 + -27. Let q be c(d). Calculate the highest common factor of 154 and q.
14
Let u = 671 - 639. Calculate the greatest common factor of u and 1168.
16
Suppose -37*s + 35*s = 3*u - 5231, 3*u - 5227 = -4*s. Calculate the highest common divisor of u and 5.
5
Let n(g) = 2*g + 2. Let y be ((-12)/(-4))/(1 - 0). Suppose 5*b - 18 = y*b. Let l be n(b). What is the highest common factor of l and 4?
4
Suppose -c + 6 = q - 5*c, -4*c - 30 = -5*q. Let u = -21 + 14. Let w(a) = a**3 + 7*a**2 - 5*